 85704. Is o prime?
True
Let j(f) = 25 + 47*f - 6 + 11*f. Let m(i) = 5*i**2 - 68*i + 54. Let u be m(13). Is j(u) prime?
False
Is 104194626/1090 + 2/(-5) prime?
False
Suppose 83*c = 16*c + 1064831. Is c a composite number?
True
Let o = -53 + 55. Suppose -o*p + 11*p = -99. Is (-1111)/p + 1*2 a composite number?
False
Let a be (-4)/(-4 - 1*-6). Let w be 2/7 + (-1962)/(-42) + a. Suppose -44*z + w*z = 191. Is z composite?
False
Suppose -2380*k = -2372*k - 220856. Is k composite?
True
Let k(w) = 72*w**2 + 8*w - 3. Let m(r) = r**3 + 6*r**2 + 5*r - 4. Let t(f) = -f**2 + 3*f + 13. Let a be t(6). Let h be m(a). Is k(h) prime?
True
Suppose -48*p = -18186081 + 2506545. Is p a prime number?
True
Let j(v) = -3334*v**2 - 7*v + 7. Let s be j(1). Let t = -1895 - s. Is t prime?
True
Suppose -783055 + 1522682 + 2681439 = 22*t. Is t composite?
True
Let x(w) = -6194*w + 3039. Is x(-37) a prime number?
True
Let p = 211 + -781. Let m = 109 - p. Is m a composite number?
True
Let l(q) = 41*q**2 + 7 + 13*q + 16*q - 29*q + 25*q**2. Is l(-5) a composite number?
False
Let z(d) = 7 - d**3 - 2*d + 66*d**2 - 60*d**2 - 2*d. Let t be z(5). Let c(n) = n**3 - 11*n**2 + 13*n + 29. Is c(t) prime?
False
Let f be (255/(-34))/((-5)/4). Is ((-2459)/4)/(f/(-24)) composite?
False
Let y(z) be the first derivative of 2739*z**2/2 - 45*z + 42. Is y(2) a prime number?
False
Let k(z) = 3*z**2 + 107 - 216 + 81 + 10*z + 15*z. Let b be k(16). Let r = -185 + b. Is r composite?
True
Let s(m) = -843*m + 3509. Is s(-108) prime?
False
Let z(d) = -1777*d + 5. Let k be z(-3). Let i(a) = a + 2. Let b be i(4). Suppose 14*j = b*j + k. Is j prime?
False
Suppose b = 4*b - 77820. Let w = -15571 + b. Is w a prime number?
True
Suppose -3*v + 41328 = 133*z - 128*z, -13786 = -v - 5*z. Is v prime?
False
Suppose 8*m - 286 = -5*m. Suppose -w + m - 20 = 0. Suppose 2*c + 5*k = 581, 0 = 4*c - w*k - 1043 - 131. Is c composite?
False
Let h(f) = -120 - 45 - 104 - 18292*f. Let d(u) = 273*u + 4. Let p(b) = 269*d(b) + 4*h(b). Is p(5) composite?
True
Suppose 5*w - 3087915 = 4*l, 4*w + 3*l = 1953271 + 517092. Is w composite?
False
Let j be ((0 - -5) + -2)*35 + -3. Let o = -50 + j. Suppose o + 251 = b. Is b prime?
False
Suppose 138206 = -16*y + 173262 + 263680. Is y composite?
False
Suppose 26*o - 6678554 - 2549132 = 0. Is o composite?
False
Let p(z) = -11*z - 10922. Let d be p(0). Let c = -1714 - d. Is (-48)/64*c/(-2) a prime number?
False
Suppose 0 = -172*w + 885616 + 671500. Is w a composite number?
True
Suppose 3*h - 8 = -h + 2*r, 4*h = 4*r. Suppose -670 = -h*b + 2*b. Suppose -3*d + 112 = -b. Is d composite?
False
Let r(d) = 75*d**2 - 35*d + 13. Suppose -4 = -2*u + 4*i, -4*i = -0*u - 4*u + 16. Is r(u) a composite number?
False
Let a = 3928 - 2066. Let w = 2917 - a. Is w prime?
False
Let u = -173075 - -389286. Is u a prime number?
True
Let p(x) = 5*x**2 + 26*x + 6. Let k(b) = -b + 18. Let v(w) = -1. Let y(r) = -k(r) - 5*v(r). Let h be y(-6). Is p(h) a composite number?
True
Is ((-37899)/36)/(6/(-408)) composite?
True
Let v(w) = -191 - 155*w + 86*w + 91*w. Is v(24) a prime number?
True
Suppose -4*w + 2*s = -3*w + 4, 2*s = -2*w + 4. Suppose 0 = 5*q - w*y + 2*y - 2, -q + 4*y + 18 = 0. Suppose q*n - 5*t - 13238 = -t, 10 = 2*t. Is n prime?
False
Is 3650003/21*(4 - (5 - 4)) prime?
True
Let k be 95/10 - (-1)/2. Let y be 5300/(-3)*(-12)/k + 1. Suppose -q + 4*q - y = 0. Is q a prime number?
False
Let l(p) = 24220*p - 3421. Is l(12) prime?
True
Suppose 9 = -3*s, 3*o = 3*s - 100 - 233. Let z be -1 + (o/(-1) - 3). Suppose -3*r + 85 = 4*l, 0 = 3*l - 8*l - 5*r + z. Is l composite?
False
Let h(z) = -3*z**2 + 19*z - 6. Let p be h(6). Suppose -6*x + 1722 = g - 7*x, p = 2*g - x - 3449. Is g a composite number?
True
Let o = -307 + -226. Let k = o + 914. Suppose -h + 62 + k = 0. Is h composite?
False
Suppose 5*t - 5 = 25. Suppose -3*r = f + 4, -3*r - t = -f + 2. Is 87/27 - f/9 prime?
True
Let b(a) = a**2 - a - 2. Let n(c) = 12*c**2 - 32*c - 17. Let z(i) = 3*b(i) + n(i). Is z(31) a composite number?
True
Let g be -7 + 13/(13/170). Suppose -175*y + g*y + 23388 = 0. Is y a prime number?
True
Suppose 35*b + 7272740 = 88*b - 33*b. Is b prime?
False
Let k = -21112 + 83315. Is k composite?
True
Suppose 976 = -x - 3*x - 3*y, -2*x = -3*y + 488. Let w = x + 13391. Is w prime?
True
Suppose 10*h + 299319 = 1399682 + 619647. Is h a prime number?
True
Is (5 + -1)*(12 - (-130046)/56) prime?
True
Suppose -207 = -z + 117. Suppose 1044 = 4*i - z. Suppose -5*o = 4*r - 832, -2*r + o + 88 = -i. Is r composite?
True
Let c(r) = -10460*r - 3459. Is c(-98) prime?
True
Is (-1 + 2 + 0)*1 + (-2124276)/(-42) composite?
True
Suppose 0 = -21*b + 11 - 74. Is 2808 - (b - -6)/(-3) composite?
True
Let h = -29689 - -54780. Suppose 23*f - h = 12*f. Is f a composite number?
False
Let g = -94 + 99. Suppose l = g*l - 16. Suppose -l*q + 461 = -567. Is q a prime number?
True
Let k(u) = -u**2 - 10*u + 5. Let y be k(-5). Suppose -36*o + y*o - 66 = 0. Let m(t) = 6*t**2 - 11*t + 30. Is m(o) a composite number?
False
Suppose -3*m - 2*n + 165662 = 64111, 5*m - 169252 = -3*n. Is m composite?
False
Suppose 4*d + 0*d = 56. Let w(h) = h**3 + 19*h**2 + 11*h - 11. Let x(l) = l**3 + 3*l**2 + 1. Let u(z) = -w(z) + 2*x(z). Is u(d) prime?
False
Suppose 459552 = 9*i + 1667028. Is 36/8*i/(-153) a composite number?
True
Let v(h) = 7 - 4 - 2. Let f(i) = 202*i - 6. Let z(p) = f(p) + 3*v(p). Is z(2) prime?
True
Let b(o) = 4*o**3 - 23*o + 21*o**2 - 31 + 7*o**3 - 14*o**3 + 2*o**3. Is b(15) composite?
True
Let q = 162 + -159. Is q + 1378 + -3 + 0 + 3 prime?
True
Suppose 4*n = 5*y - 42 - 60, -77 = 3*n - 4*y. Let p(o) = -65*o + 28. Is p(n) a prime number?
True
Let w be (-7 - 132/(-18))*18. Suppose 4*h - 4*n = 120, -3*n - 7 - 2 = 0. Is ((-2007)/h)/((-2)/w) a prime number?
True
Let o be (-1)/(1/(0 - -1)). Suppose 0 = -122*l + 120*l + t + 6, 3*l - 9 = 2*t. Is 652*o/(-6)*l a prime number?
False
Let g = -26182 - -114015. Is g composite?
False
Let g(a) = -5799*a - 111. Let t be g(-15). Suppose 4*l + 6758 - t = 0. Is l a prime number?
True
Let l(n) = 1531*n**2 - 444*n + 2677. Is l(6) composite?
True
Let l be ((-2)/(-4)*2)/(-1). Let d(r) = 2*r**2 + 90*r - 151. Let c be d(-56). Is 1 + (c - l) + 4 a composite number?
False
Let t(q) = -279*q + 8. Let h be t(-2). Let c = -379 + h. Is c a prime number?
False
Suppose -1572 + 4422 = -3*d. Let n = 3191 + -1312. Let q = d + n. Is q a prime number?
True
Suppose 35*x - 576131 - 1519074 = 0. Is x a composite number?
False
Suppose -1015776 = 58*j + 14*j. Is (-1)/((-12)/j)*(-2 + -4) a composite number?
True
Suppose -15*j + 472400 = 95495. Suppose -22*h + j = -76887. Is h a composite number?
False
Let z be 1 - 16/4 - -8. Suppose -4*j - 516 = -2*p, z*j + 6 = -4. Is p a prime number?
False
Let y be (-16)/(-8)*(-21)/(-6). Let x(k) = -5 + 1206*k - 337*k + y. Is x(3) a composite number?
False
Suppose 0 = 4*y - 2406 - 3786. Suppose -j + y + 1013 = 0. Suppose -4*v + 7*v = -2*h + j, -2*h + 3*v = -2555. Is h prime?
True
Suppose -162 + 6 = -26*a. Is (41204/a)/((-21)/9 - -3) composite?
False
Suppose -7*m = -11*m - 28. Let g(w) = -w - 6. Let c be g(m). Is -3 + c/1*970 prime?
True
Suppose -6*c + 15 = -9. Suppose -c*r = -i + 2161, 6*r + 2158 = i + 3*r. Is i composite?
True
Suppose -z + 16*z - 1008611 - 1084594 = 0. Is z a composite number?
False
Let x(r) = -r - 6. Let i be x(0). Is (-43911)/(-15) - i/(-15) prime?
True
Let c(q) = -76*q + 129 - 464 + 396*q. Is c(36) composite?
True
Let p(y) = 181*y**2 + 28. Let w(v) = 361*v**2 + 57. Let t(l) = 7*p(l) - 3*w(l). Is t(8) a prime number?
True
Let z be (-2016)/1152*2*2*-1. Suppose 0 = -2*p + u + 9701, -3*u + z*u = -5*p + 24285. Is p a composite number?
True
Let x = 50391 + -9216. Suppose -123676 = -17*n - x. Is n a prime number?
False
Let n(m) = m**3 - 6*m**2 - 2*m + 14. Let w be n(6). Suppose 2*s = -w*p - 6, 0*p + 2*p + 34 = 5*s. Let r(k) = k**3 + 11*k**2 - 15*k + 10. Is r(p) a prime number?
True
Let r be 484/22 - -1*2. Suppose r*t - 374780 = 4*t. Is t composite?
True
Suppose -54*l + 12 = -51*l. Suppose l*t = t + 11901. Is t a composite number?
False
Let q be 0 + (-15)/(0 + -5). Suppose q*t = -2*z + 21 - 0, 0 = 5*z - 4*t + 5. Suppose -5903 = -z*y + 4*p, 3*p = 3*y - 1192 - 4712. Is y prime?
False
Let j(o) = -534*o - 121. Suppose 231*y - 226*y = -100